2*f(r) + t(r). What are the prime factors of g(-4)?
3, 23
Let c(l) = -36*l**2 + 446*l - 16. What are the prime factors of c(5)?
2, 3, 73
Let s = -60053 - -86140. Suppose s = 34*z - 3289. What are the prime factors of z?
2, 3
Let s = -86 - -89. Suppose 8*d + 543 = -4*r + 5*d, 0 = s*r - d + 391. Let p = -2 - r. What are the prime factors of p?
2, 5, 13
Suppose 7*a - 33*a + 130 = 0. Suppose 2222 = a*c + 3*x, -c + 5*x + 864 = c. What are the prime factors of c?
2, 13, 17
Suppose -g - 3 = 3*b - 2, 3*b - 19 = -5*g. List the prime factors of (0 + -34)/((-308)/147 - b).
3, 7, 17
List the prime factors of 27032 + ((-385)/(-21))/((-65)/(-39)).
27043
Suppose 4*d = 4*n, -3*d + 3*n + 5 = -d. Let m be -3 - -4 - 296 - (d + 1). Let q = -151 - m. List the prime factors of q.
2, 5, 7
Let i be (-1 - 2)/(6/(-4)). Let p(r) = -2*r**2 - 51*r - 257. Let m be p(-7). Suppose 0 = m*x + i*q - 30, x - q = -5*q + 9. List the prime factors of x.
17
Let f be -1*(-5 + (-2 - -2)). Let v be 1/1 + -2 + 6. Suppose 5*p - f*h - 258 = 2*p, 390 = 5*p + v*h. What are the prime factors of p?
3
Let g = -4378 + 2449. Let s = -1135 - g. What are the prime factors of s?
2, 397
Let p(v) = 32*v - 104. Let d be (0 + 24 + -1 - -4) + -5. List the prime factors of p(d).
2, 3, 5
Let w be (61/(-5) + 2)*-15. Let d be 38 - (-10 + 4 + -1). Let y = w - d. What are the prime factors of y?
2, 3
Let j(x) = 1172*x + 5612. What are the prime factors of j(10)?
2, 7, 619
Suppose -9 - 3 = 3*c, 11738 = 3*j + c. List the prime factors of j.
2, 19, 103
Let y = -170 - -205. List the prime factors of y/(-14) + 3 - 245/(-2).
3, 41
Let f(c) = 7*c**2 - 3*c - 6. Let x be f(-3). Let m = x + -66. Suppose 4*l - 334 = 2*g - 24, m = 5*l - 3*g - 389. List the prime factors of l.
2, 19
Let v(l) = 3*l**3 - 2*l**2 - 5*l + 2. Suppose 9 = s - 0*s + x, 0 = s + 3*x - 17. Let w be v(s). Let h = w + -214. What are the prime factors of h?
2, 11
Let r = 41 - 36. Suppose r*h - 2*h = -2*h. Suppose h = -4*l + 259 + 77. List the prime factors of l.
2, 3, 7
Let h = 53 - 46. Suppose -2*v + 3150 = h*v. Suppose -5*y - 4*q + v = 0, 4*y - 2*q - 239 = 3*q. What are the prime factors of y?
2, 3, 11
Let w(v) = 2*v**3 + 2*v**2 - v + 3. Let b be w(2). Suppose 9 = -24*h + b*h. Let g(a) = a**3 - 11*a**2 + 20*a - 11. What are the prime factors of g(h)?
7
Let t(o) = 14*o**2 + 78*o + 593. What are the prime factors of t(-46)?
31, 859
Let i(w) be the first derivative of -w**3/3 + 13*w**2/2 - 15*w + 1430. Suppose -1 = a + 3*f, 12 = f - 5*f. What are the prime factors of i(a)?
5
Let u be ((189/36)/7)/(2/(-40)). Let s = u - -74. Suppose -3*c + 5*l + 33 = -s, -c = 4*l - 25. What are the prime factors of c?
29
Suppose 3*v - 3*g - 23312 = 48049, v = 5*g + 23759. What are the prime factors of v?
2, 11897
Let u(w) = 4*w**2 - 19*w - 17. Let r be u(10). Suppose -96 - r = -p. List the prime factors of p.
17
Let n be (8/(-12))/(6/(-27)). Suppose 0 = -5*i - n*g + 25, -4*i = -5*i + 2*g + 5. Suppose 0*d = -i*d + 480. List the prime factors of d.
2, 3
Let s(m) = -11220*m + 216. Let q be s(14). What are the prime factors of ((-3)/5)/3 + q/(-570)?
5, 11
Suppose 28*w = 3*w + 125. Suppose -w*p - 3590 = -11085. What are the prime factors of p?
1499
List the prime factors of (-98)/784 - (-19705)/8.
3, 821
Let f be 1 - (2 - 1 - -2). Let y be 3 + (0 + f)/(-2) + 1. Suppose 0 = 3*j - 2*v - 370, y*j - 2*v - 494 = j. What are the prime factors of j?
2, 31
Let n(h) = 47*h**3 - 1. Let u be n(1). Suppose -3*d - u = -c, -5*d - 2*c - 90 = 3*c. What are the prime factors of (-422)/(-8) + -4*1/d?
53
Let y(b) = 41*b**2 + 3 + 6*b + 119*b**2 - 7 + 3. List the prime factors of y(-2).
3, 11, 19
Suppose -3*p + 87057 = -3*z, 5*z - 145095 = -1432*p + 1427*p. What are the prime factors of p?
3, 17, 569
Let d = -24722 - -45825. What are the prime factors of d?
47, 449
Suppose 6*t - 30*t - 20328 = 0. Let g = t - -1654. What are the prime factors of g?
3, 269
Let y = -27 + 31. Suppose -313 = -y*o + 31. Suppose 2*f = o - 44. List the prime factors of f.
3, 7
Suppose 0 = -13*o + 10 + 55. Suppose o*v - p - 1917 = 0, -5*p - 2151 + 630 = -4*v. What are the prime factors of v?
2, 3
Let d(p) = 24*p**3 + 22*p**2 - 24*p + 153. What are the prime factors of d(7)?
5, 11, 13
Let t be 1/(-4) + 45/36 + -5. What are the prime factors of (-59412)/(-66) + t/22?
2, 3, 5
Let v = 322 - 214. Suppose -v*m + 510 = -103*m. Let f = m - 56. What are the prime factors of f?
2, 23
Let o be 0 + 903 + (4 - 7) + 2. Let d = o + -499. What are the prime factors of d?
13, 31
Suppose -15 - 3 = -4*b + 5*o, 2*o - 4 = 0. Suppose 3*g = s - 315, 2*g + 1209 = 4*s + b*g. List the prime factors of s.
2, 3, 17
Suppose 3*v + 3*v + 12 = 0. Let x be 20/(-6)*3*v. Suppose x = i + i. What are the prime factors of i?
2, 5
List the prime factors of (391008/(-192))/(1/(-2)).
4073
Let o = -70 - -70. Suppose o = -d - 4*r + 49, 0 = 5*d - r + 5*r - 213. What are the prime factors of d?
41
Let o(k) = -61*k - 172. Let n(g) = -2*g**2 - 5*g + 67. Let p be n(5). List the prime factors of o(p).
2, 79
Suppose 15*g - 608 = -g. Suppose -50*m + g*m = -2388. List the prime factors of m.
199
What are the prime factors of (-11 + 29 - 12) + 2/((-2)/(-10687))?
17, 37
Let s be ((-57)/(-57))/(((-4)/(-6466))/2). Suppose -s = -10*k - 13. List the prime factors of k.
2, 7, 23
List the prime factors of ((-832)/65)/((-3)/(12675/(-25345)) + -6).
2, 13
Let v(w) = 8*w**2 + 6. Let p(r) = -7*r**2 + r - 6. Let a(g) = 4*p(g) + 5*v(g). Let c = -7 - -4. What are the prime factors of a(c)?
2, 3, 17
Let l = 1066 - 428. Let y = l + 858. What are the prime factors of y?
2, 11, 17
Let l be 1/(-6) + 3568/96. Suppose -4*m = -r + 144, -2*m + 0*m = 5*r + 72. Let a = l - m. List the prime factors of a.
73
Let o(k) = 18*k + 22. Let m be o(-1). Suppose 5*l + 10 = h, 3*h + 2*l + 10 = m*h. List the prime factors of h.
2, 5
Suppose 5*c - 105 = -2*x, -c - 3*x = c - 53. Let v be c - (-9)/15*-5. Let n = 32 - v. List the prime factors of n.
2
Let o(n) = -7*n + 15. Suppose -56 = p + 7*p. Let l be o(p). Let h = l + 40. List the prime factors of h.
2, 13
Let y(o) = -260*o - 58. Let i be y(11). Let g = i - -4147. List the prime factors of g.
1229
Let l = 47 + -34. Let y be ((-1)/3)/(11/(-528)). What are the prime factors of y - l - (-165 - 1)?
13
Suppose 5 = 3*i - 13. Let s be (2 + (-2)/4 + 0)*i. Suppose s*b - 444 = 5*b. List the prime factors of b.
3, 37
Let t be 6/10*(-33 - -28). Let j(y) = -16*y**3 + 3*y**2 + 6*y - 2. List the prime factors of j(t).
439
Let m(z) = 7*z**2 + 117*z + 884. List the prime factors of m(-19).
2, 3, 11
Let z(m) = -1804*m + m**2 + 402 - m**3 + 1804*m. What are the prime factors of z(0)?
2, 3, 67
Let n(i) = -41*i + 56. Suppose -20*u + 12 = -22*u. What are the prime factors of n(u)?
2, 151
What are the prime factors of (-36)/(-84) - ((-24288)/21 - -7)?
2, 5, 23
Let f = -2850 + 4760. Let u = 2944 - f. List the prime factors of u.
2, 11, 47
Suppose 0 = -5*z - 0*u + u + 135870, -4*z + 108710 = 2*u. What are the prime factors of z?
5, 1087
Suppose -5*j - 3*w + 48528 = 0, -11426 - 7985 = -2*j - w. What are the prime factors of j?
3, 5, 647
Suppose 23*c + b = 28*c - 110539, 0 = 4*b - 24. List the prime factors of c.
22109
Suppose 0 = -5*l + 5 + 5. Suppose -x + 3*x - 60 = l*o, 5*x = -5*o + 120. List the prime factors of 408/x - (-2)/(-18).
3, 5
Suppose 0 = -4*i - 9*i + 125305 + 166493. List the prime factors of i.
2, 3, 29, 43
Let x(w) = -w**3 + 12*w**2 - 20*w. Let j be x(10). Let u be (j - 1 - 1) + -102. Let b = 193 + u. List the prime factors of b.
89
Suppose -13*k = 188 - 1423. What are the prime factors of k?
5, 19
Let r(i) = -209*i - 328. List the prime factors of r(-16).
2, 13, 29
Suppose 0 = 10*q + 7807 + 5283. List the prime factors of 3/(2/(-7) - 605/q).
17
Let d be 3*2 - 41976/(-36). Let r = -764 + d. What are the prime factors of r?
2, 3, 17
Suppose 8*b - 2676 = 1732. Let z = b - 410. List the prime factors of z.
3, 47
Let m be 2*(-9)/12 - (-1022)/4. Let p = 497 - m. List the prime factors of p.
3
Let d(m) = -598*m - 9257. List the prime factors of d(-84).
5, 11, 149
Suppose -7*l + 78 = 19*l. Suppose l*v + h = 5*h + 881, -h = 4*v - 1200. What are the prime factors of v?
13, 23
Let w = -36761 - -67163. List the prime factors of w.
2, 3, 563
Let g(c) be the third derivative of 